{"id":2919,"date":"2024-07-01T15:29:21","date_gmt":"2024-07-01T19:29:21","guid":{"rendered":"https:\/\/www.museebeaulne.ca\/expositions-temporaires\/coaticart-au-musee\/"},"modified":"2024-07-01T15:29:21","modified_gmt":"2024-07-01T19:29:21","slug":"coaticart-au-musee","status":"publish","type":"expositions-temporai","link":"https:\/\/www.museebeaulne.ca\/en\/temporary-exhibits\/coaticart-au-musee\/","title":{"rendered":"Coatic&#8217;Art au Mus\u00e9e"},"content":{"rendered":"\n<h2 class=\"wp-block-heading\">Having become a true tradition firmly anchored in the local and regional cultural calendar, the \u00ab\u00a0<strong>Coatic\u2019Art biennial\u00a0\u00bb<\/strong> at the Museum promises once again this year to transport the public to great discoveries.<\/h2>\n\n<p>For the 2024 Edition, the members of the group \u00ab\u00a0<strong>Coatic&#8217;Art\u00a0\u00bb<\/strong> have chosen to give free rein to their creativity with the theme \u00ab\u00a0<strong>Monochrome\u00a0\u00bb<\/strong>, a notion which poses questions and in this case, can be shown in countless types of mediums each as original as the other. The participating artists are:<\/p>\n\n<ul class=\"wp-block-list\"><li>Nicole Gratton<\/li><li>Line Fafard<\/li><li>Ga\u00e9tane Dion<\/li><li>Carole Batrie<\/li><li>France Thibault<\/li><li>Sylvie Lebel<\/li><li>H\u00e9l\u00e8ne Johnson<\/li><li>Joane Blackburn<\/li><li>Marilyn Hobbs Turner<\/li><li>Viviane Leblanc<\/li><li>Debra Mosher Roy<\/li><li>Pierre Quirion<\/li><li>Manon Marcoux<\/li><li>Martine M\u00e9nard<\/li><li>S\u00e9bastien Lachapelle<\/li><li>Bertrand Thibeault<\/li><li>Lisa Nadeau<\/li><li>Marc H\u00e9bert<\/li><li>Lili Mertens<\/li><li>Annie Brown<\/li><li>Jacinthe H\u00e9bert<\/li><li>Laurence Bacon<\/li><li>Marie-Jos\u00e9e Tremblay<\/li><li>Suzanne Pouliot<\/li><li>Jacques Racine<\/li><li>Johanne Corbeil<\/li><li>Suzanne Boutin<\/li><li>Allyna Harris<\/li><li>Aline Riendeau<\/li><li>Claire Bureau<\/li><li>Lise Lapointe<\/li><li>R\u00e9jane Tardif<\/li><li>Jean-Pierre Lachapelle<\/li><li>Th\u00e9r\u00e8se Gari\u00e9py<\/li><li>Claude Adam<\/li><li>Connie Marcoux<\/li><li>Pnina-Soleil Marcoux<\/li><\/ul>\n\n<p>The creations presented embrace a diversity of artistic disciplines and styles: painting, engraving, photography, sculpture, miniature, stained glass, jewelry, etc., all means of expression that dissect and attempt to demystify the theme \u00ab\u00a0<strong>Monochrome<\/strong>\u00a0\u00bb.<\/p>\n\n<p>\uf0d8\tMust see!<\/p>\n","protected":false},"featured_media":2783,"template":"","tags":[],"expo_category":[],"class_list":["post-2919","expositions-temporai","type-expositions-temporai","status-publish","has-post-thumbnail","hentry"],"yoast_head":"<!-- This site is optimized with the Yoast SEO plugin v26.0 - https:\/\/yoast.com\/wordpress\/plugins\/seo\/ -->\n<title>Coatic&#039;Art au Mus\u00e9e - Beaulne Museum<\/title>\n<meta name=\"robots\" content=\"index, follow, max-snippet:-1, max-image-preview:large, max-video-preview:-1\" \/>\n<link rel=\"canonical\" href=\"https:\/\/www.museebeaulne.ca\/temporary-exhibits\/coaticart-au-musee\/\" \/>\n<meta property=\"og:locale\" content=\"en_US\" \/>\n<meta property=\"og:type\" content=\"article\" \/>\n<meta property=\"og:title\" content=\"Coatic&#039;Art au Mus\u00e9e - Beaulne Museum\" \/>\n<meta property=\"og:description\" content=\"Having become a true tradition firmly anchored in the local and regional cultural calendar, the \u00ab\u00a0Coatic\u2019Art biennial\u00a0\u00bb at the Museum promises once again this year to transport the public to great discoveries. For the 2024 Edition, the members of the... Lire la suite [...]Read More...\" \/>\n<meta property=\"og:url\" content=\"https:\/\/www.museebeaulne.ca\/temporary-exhibits\/coaticart-au-musee\/\" \/>\n<meta property=\"og:site_name\" content=\"Beaulne Museum\" \/>\n<meta property=\"article:publisher\" content=\"https:\/\/www.facebook.com\/museebeaulne\" \/>\n<meta property=\"og:image\" content=\"https:\/\/www.museebeaulne.ca\/wp-content\/uploads\/2024\/01\/CoaticArt_low-2.jpg\" \/>\n\t<meta property=\"og:image:width\" content=\"1440\" \/>\n\t<meta property=\"og:image:height\" content=\"1800\" \/>\n\t<meta property=\"og:image:type\" content=\"image\/jpeg\" \/>\n<meta name=\"twitter:card\" content=\"summary_large_image\" \/>\n<meta name=\"twitter:label1\" content=\"Est. reading time\" \/>\n\t<meta name=\"twitter:data1\" content=\"1 minute\" \/>\n<script type=\"application\/ld+json\" class=\"yoast-schema-graph\">{\"@context\":\"https:\/\/schema.org\",\"@graph\":[{\"@type\":\"WebPage\",\"@id\":\"https:\/\/www.museebeaulne.ca\/temporary-exhibits\/coaticart-au-musee\/\",\"url\":\"https:\/\/www.museebeaulne.ca\/temporary-exhibits\/coaticart-au-musee\/\",\"name\":\"Coatic'Art au Mus\u00e9e - Beaulne Museum\",\"isPartOf\":{\"@id\":\"https:\/\/www.museebeaulne.ca\/#website\"},\"primaryImageOfPage\":{\"@id\":\"https:\/\/www.museebeaulne.ca\/temporary-exhibits\/coaticart-au-musee\/#primaryimage\"},\"image\":{\"@id\":\"https:\/\/www.museebeaulne.ca\/temporary-exhibits\/coaticart-au-musee\/#primaryimage\"},\"thumbnailUrl\":\"https:\/\/www.museebeaulne.ca\/wp-content\/uploads\/2024\/01\/CoaticArt_low-2.jpg\",\"datePublished\":\"2024-07-01T19:29:21+00:00\",\"breadcrumb\":{\"@id\":\"https:\/\/www.museebeaulne.ca\/temporary-exhibits\/coaticart-au-musee\/#breadcrumb\"},\"inLanguage\":\"en-US\",\"potentialAction\":[{\"@type\":\"ReadAction\",\"target\":[\"https:\/\/www.museebeaulne.ca\/temporary-exhibits\/coaticart-au-musee\/\"]}]},{\"@type\":\"ImageObject\",\"inLanguage\":\"en-US\",\"@id\":\"https:\/\/www.museebeaulne.ca\/temporary-exhibits\/coaticart-au-musee\/#primaryimage\",\"url\":\"https:\/\/www.museebeaulne.ca\/wp-content\/uploads\/2024\/01\/CoaticArt_low-2.jpg\",\"contentUrl\":\"https:\/\/www.museebeaulne.ca\/wp-content\/uploads\/2024\/01\/CoaticArt_low-2.jpg\",\"width\":1440,\"height\":1800,\"caption\":\"Coatic'Art\"},{\"@type\":\"BreadcrumbList\",\"@id\":\"https:\/\/www.museebeaulne.ca\/temporary-exhibits\/coaticart-au-musee\/#breadcrumb\",\"itemListElement\":[{\"@type\":\"ListItem\",\"position\":1,\"name\":\"Accueil\",\"item\":\"https:\/\/www.museebeaulne.ca\/en\/\"},{\"@type\":\"ListItem\",\"position\":2,\"name\":\"Temporary Exhibits\",\"item\":\"https:\/\/www.museebeaulne.ca\/en\/temporary-exhibits\/\"},{\"@type\":\"ListItem\",\"position\":3,\"name\":\"Coatic&rsquo;Art au Mus\u00e9e\"}]},{\"@type\":\"WebSite\",\"@id\":\"https:\/\/www.museebeaulne.ca\/#website\",\"url\":\"https:\/\/www.museebeaulne.ca\/\",\"name\":\"Beaulne Museum\",\"description\":\"\",\"publisher\":{\"@id\":\"https:\/\/www.museebeaulne.ca\/#organization\"},\"potentialAction\":[{\"@type\":\"SearchAction\",\"target\":{\"@type\":\"EntryPoint\",\"urlTemplate\":\"https:\/\/www.museebeaulne.ca\/?s={search_term_string}\"},\"query-input\":{\"@type\":\"PropertyValueSpecification\",\"valueRequired\":true,\"valueName\":\"search_term_string\"}}],\"inLanguage\":\"en-US\"},{\"@type\":\"Organization\",\"@id\":\"https:\/\/www.museebeaulne.ca\/#organization\",\"name\":\"Mus\u00e9e Beaulne\",\"url\":\"https:\/\/www.museebeaulne.ca\/\",\"logo\":{\"@type\":\"ImageObject\",\"inLanguage\":\"en-US\",\"@id\":\"https:\/\/www.museebeaulne.ca\/#\/schema\/logo\/image\/\",\"url\":\"https:\/\/www.museebeaulne.ca\/wp-content\/uploads\/2020\/11\/logo-horizontal.png\",\"contentUrl\":\"https:\/\/www.museebeaulne.ca\/wp-content\/uploads\/2020\/11\/logo-horizontal.png\",\"width\":600,\"height\":233,\"caption\":\"Mus\u00e9e Beaulne\"},\"image\":{\"@id\":\"https:\/\/www.museebeaulne.ca\/#\/schema\/logo\/image\/\"},\"sameAs\":[\"https:\/\/www.facebook.com\/museebeaulne\"]}]}<\/script>\n<!-- \/ Yoast SEO plugin. -->","yoast_head_json":{"title":"Coatic'Art au Mus\u00e9e - Beaulne Museum","robots":{"index":"index","follow":"follow","max-snippet":"max-snippet:-1","max-image-preview":"max-image-preview:large","max-video-preview":"max-video-preview:-1"},"canonical":"https:\/\/www.museebeaulne.ca\/temporary-exhibits\/coaticart-au-musee\/","og_locale":"en_US","og_type":"article","og_title":"Coatic'Art au Mus\u00e9e - Beaulne Museum","og_description":"Having become a true tradition firmly anchored in the local and regional cultural calendar, the \u00ab\u00a0Coatic\u2019Art biennial\u00a0\u00bb at the Museum promises once again this year to transport the public to great discoveries. For the 2024 Edition, the members of the... Lire la suite [...]Read More...","og_url":"https:\/\/www.museebeaulne.ca\/temporary-exhibits\/coaticart-au-musee\/","og_site_name":"Beaulne Museum","article_publisher":"https:\/\/www.facebook.com\/museebeaulne","og_image":[{"width":1440,"height":1800,"url":"https:\/\/www.museebeaulne.ca\/wp-content\/uploads\/2024\/01\/CoaticArt_low-2.jpg","type":"image\/jpeg"}],"twitter_card":"summary_large_image","twitter_misc":{"Est. reading time":"1 minute"},"schema":{"@context":"https:\/\/schema.org","@graph":[{"@type":"WebPage","@id":"https:\/\/www.museebeaulne.ca\/temporary-exhibits\/coaticart-au-musee\/","url":"https:\/\/www.museebeaulne.ca\/temporary-exhibits\/coaticart-au-musee\/","name":"Coatic'Art au Mus\u00e9e - Beaulne Museum","isPartOf":{"@id":"https:\/\/www.museebeaulne.ca\/#website"},"primaryImageOfPage":{"@id":"https:\/\/www.museebeaulne.ca\/temporary-exhibits\/coaticart-au-musee\/#primaryimage"},"image":{"@id":"https:\/\/www.museebeaulne.ca\/temporary-exhibits\/coaticart-au-musee\/#primaryimage"},"thumbnailUrl":"https:\/\/www.museebeaulne.ca\/wp-content\/uploads\/2024\/01\/CoaticArt_low-2.jpg","datePublished":"2024-07-01T19:29:21+00:00","breadcrumb":{"@id":"https:\/\/www.museebeaulne.ca\/temporary-exhibits\/coaticart-au-musee\/#breadcrumb"},"inLanguage":"en-US","potentialAction":[{"@type":"ReadAction","target":["https:\/\/www.museebeaulne.ca\/temporary-exhibits\/coaticart-au-musee\/"]}]},{"@type":"ImageObject","inLanguage":"en-US","@id":"https:\/\/www.museebeaulne.ca\/temporary-exhibits\/coaticart-au-musee\/#primaryimage","url":"https:\/\/www.museebeaulne.ca\/wp-content\/uploads\/2024\/01\/CoaticArt_low-2.jpg","contentUrl":"https:\/\/www.museebeaulne.ca\/wp-content\/uploads\/2024\/01\/CoaticArt_low-2.jpg","width":1440,"height":1800,"caption":"Coatic'Art"},{"@type":"BreadcrumbList","@id":"https:\/\/www.museebeaulne.ca\/temporary-exhibits\/coaticart-au-musee\/#breadcrumb","itemListElement":[{"@type":"ListItem","position":1,"name":"Accueil","item":"https:\/\/www.museebeaulne.ca\/en\/"},{"@type":"ListItem","position":2,"name":"Temporary Exhibits","item":"https:\/\/www.museebeaulne.ca\/en\/temporary-exhibits\/"},{"@type":"ListItem","position":3,"name":"Coatic&rsquo;Art au Mus\u00e9e"}]},{"@type":"WebSite","@id":"https:\/\/www.museebeaulne.ca\/#website","url":"https:\/\/www.museebeaulne.ca\/","name":"Beaulne Museum","description":"","publisher":{"@id":"https:\/\/www.museebeaulne.ca\/#organization"},"potentialAction":[{"@type":"SearchAction","target":{"@type":"EntryPoint","urlTemplate":"https:\/\/www.museebeaulne.ca\/?s={search_term_string}"},"query-input":{"@type":"PropertyValueSpecification","valueRequired":true,"valueName":"search_term_string"}}],"inLanguage":"en-US"},{"@type":"Organization","@id":"https:\/\/www.museebeaulne.ca\/#organization","name":"Mus\u00e9e Beaulne","url":"https:\/\/www.museebeaulne.ca\/","logo":{"@type":"ImageObject","inLanguage":"en-US","@id":"https:\/\/www.museebeaulne.ca\/#\/schema\/logo\/image\/","url":"https:\/\/www.museebeaulne.ca\/wp-content\/uploads\/2020\/11\/logo-horizontal.png","contentUrl":"https:\/\/www.museebeaulne.ca\/wp-content\/uploads\/2020\/11\/logo-horizontal.png","width":600,"height":233,"caption":"Mus\u00e9e Beaulne"},"image":{"@id":"https:\/\/www.museebeaulne.ca\/#\/schema\/logo\/image\/"},"sameAs":["https:\/\/www.facebook.com\/museebeaulne"]}]}},"_links":{"self":[{"href":"https:\/\/www.museebeaulne.ca\/en\/wp-json\/wp\/v2\/expositions-temporai\/2919","targetHints":{"allow":["GET"]}}],"collection":[{"href":"https:\/\/www.museebeaulne.ca\/en\/wp-json\/wp\/v2\/expositions-temporai"}],"about":[{"href":"https:\/\/www.museebeaulne.ca\/en\/wp-json\/wp\/v2\/types\/expositions-temporai"}],"wp:featuredmedia":[{"embeddable":true,"href":"https:\/\/www.museebeaulne.ca\/en\/wp-json\/wp\/v2\/media\/2783"}],"wp:attachment":[{"href":"https:\/\/www.museebeaulne.ca\/en\/wp-json\/wp\/v2\/media?parent=2919"}],"wp:term":[{"taxonomy":"post_tag","embeddable":true,"href":"https:\/\/www.museebeaulne.ca\/en\/wp-json\/wp\/v2\/tags?post=2919"},{"taxonomy":"expo_category","embeddable":true,"href":"https:\/\/www.museebeaulne.ca\/en\/wp-json\/wp\/v2\/expo_category?post=2919"}],"curies":[{"name":"wp","href":"https:\/\/api.w.org\/{rel}","templated":true}]}}

Coatic&#8217;Art au Musée

<h2 class="wp-block-heading">Having become a true tradition firmly anchored in the local and regional cultural calendar, the « <strong>Coatic’Art biennial »</strong> at the Museum promises once again this year to transport the public to great discoveries.</h2>

<p>For the 2024 Edition, the members of the group « <strong>Coatic&#8217;Art »</strong> have chosen to give free rein to their creativity with the theme « <strong>Monochrome »</strong>, a notion which poses questions and in this case, can be shown in countless types of mediums each as original as the other. The participating artists are:</p>

<ul class="wp-block-list"><li>Nicole Gratton</li><li>Line Fafard</li><li>Gaétane Dion</li><li>Carole Batrie</li><li>France Thibault</li><li>Sylvie Lebel</li><li>Hélène Johnson</li><li>Joane Blackburn</li><li>Marilyn Hobbs Turner</li><li>Viviane Leblanc</li><li>Debra Mosher Roy</li><li>Pierre Quirion</li><li>Manon Marcoux</li><li>Martine Ménard</li><li>Sébastien Lachapelle</li><li>Bertrand Thibeault</li><li>Lisa Nadeau</li><li>Marc Hébert</li><li>Lili Mertens</li><li>Annie Brown</li><li>Jacinthe Hébert</li><li>Laurence Bacon</li><li>Marie-Josée Tremblay</li><li>Suzanne Pouliot</li><li>Jacques Racine</li><li>Johanne Corbeil</li><li>Suzanne Boutin</li><li>Allyna Harris</li><li>Aline Riendeau</li><li>Claire Bureau</li><li>Lise Lapointe</li><li>Réjane Tardif</li><li>Jean-Pierre Lachapelle</li><li>Thérèse Gariépy</li><li>Claude Adam</li><li>Connie Marcoux</li><li>Pnina-Soleil Marcoux</li></ul>

<p>The creations presented embrace a diversity of artistic disciplines and styles: painting, engraving, photography, sculpture, miniature, stained glass, jewelry, etc., all means of expression that dissect and attempt to demystify the theme « <strong>Monochrome</strong> ».</p>

<p>	Must see!</p>

<!-- This site is optimized with the Yoast SEO plugin v26.0 - https://yoast.com/wordpress/plugins/seo/ -->
<title>Coatic&#039;Art au Musée - Beaulne Museum</title>
<meta name="robots" content="index, follow, max-snippet:-1, max-image-preview:large, max-video-preview:-1" />
<link rel="canonical" href="https://www.museebeaulne.ca/temporary-exhibits/coaticart-au-musee/" />
<meta property="og:locale" content="en_US" />
<meta property="og:type" content="article" />
<meta property="og:title" content="Coatic&#039;Art au Musée - Beaulne Museum" />
<meta property="og:description" content="Having become a true tradition firmly anchored in the local and regional cultural calendar, the « Coatic’Art biennial » at the Museum promises once again this year to transport the public to great discoveries. For the 2024 Edition, the members of the... Lire la suite [...]Read More..." />
<meta property="og:url" content="https://www.museebeaulne.ca/temporary-exhibits/coaticart-au-musee/" />
<meta property="og:site_name" content="Beaulne Museum" />
<meta property="article:publisher" content="https://www.facebook.com/museebeaulne" />
<meta property="og:image" content="https://www.museebeaulne.ca/wp-content/uploads/2024/01/CoaticArt_low-2.jpg" />
	<meta property="og:image:width" content="1440" />
	<meta property="og:image:height" content="1800" />
	<meta property="og:image:type" content="image/jpeg" />
<meta name="twitter:card" content="summary_large_image" />
<meta name="twitter:label1" content="Est. reading time" />
	<meta name="twitter:data1" content="1 minute" />
<script type="application/ld+json" class="yoast-schema-graph">{"@context":"https://schema.org","@graph":[{"@type":"WebPage","@id":"https://www.museebeaulne.ca/temporary-exhibits/coaticart-au-musee/","url":"https://www.museebeaulne.ca/temporary-exhibits/coaticart-au-musee/","name":"Coatic'Art au Musée - Beaulne Museum","isPartOf":{"@id":"https://www.museebeaulne.ca/#website"},"primaryImageOfPage":{"@id":"https://www.museebeaulne.ca/temporary-exhibits/coaticart-au-musee/#primaryimage"},"image":{"@id":"https://www.museebeaulne.ca/temporary-exhibits/coaticart-au-musee/#primaryimage"},"thumbnailUrl":"https://www.museebeaulne.ca/wp-content/uploads/2024/01/CoaticArt_low-2.jpg","datePublished":"2024-07-01T19:29:21+00:00","breadcrumb":{"@id":"https://www.museebeaulne.ca/temporary-exhibits/coaticart-au-musee/#breadcrumb"},"inLanguage":"en-US","potentialAction":[{"@type":"ReadAction","target":["https://www.museebeaulne.ca/temporary-exhibits/coaticart-au-musee/"]}]},{"@type":"ImageObject","inLanguage":"en-US","@id":"https://www.museebeaulne.ca/temporary-exhibits/coaticart-au-musee/#primaryimage","url":"https://www.museebeaulne.ca/wp-content/uploads/2024/01/CoaticArt_low-2.jpg","contentUrl":"https://www.museebeaulne.ca/wp-content/uploads/2024/01/CoaticArt_low-2.jpg","width":1440,"height":1800,"caption":"Coatic'Art"},{"@type":"BreadcrumbList","@id":"https://www.museebeaulne.ca/temporary-exhibits/coaticart-au-musee/#breadcrumb","itemListElement":[{"@type":"ListItem","position":1,"name":"Accueil","item":"https://www.museebeaulne.ca/en/"},{"@type":"ListItem","position":2,"name":"Temporary Exhibits","item":"https://www.museebeaulne.ca/en/temporary-exhibits/"},{"@type":"ListItem","position":3,"name":"Coatic&rsquo;Art au Musée"}]},{"@type":"WebSite","@id":"https://www.museebeaulne.ca/#website","url":"https://www.museebeaulne.ca/","name":"Beaulne Museum","description":"","publisher":{"@id":"https://www.museebeaulne.ca/#organization"},"potentialAction":[{"@type":"SearchAction","target":{"@type":"EntryPoint","urlTemplate":"https://www.museebeaulne.ca/?s={search_term_string}"},"query-input":{"@type":"PropertyValueSpecification","valueRequired":true,"valueName":"search_term_string"}}],"inLanguage":"en-US"},{"@type":"Organization","@id":"https://www.museebeaulne.ca/#organization","name":"Musée Beaulne","url":"https://www.museebeaulne.ca/","logo":{"@type":"ImageObject","inLanguage":"en-US","@id":"https://www.museebeaulne.ca/#/schema/logo/image/","url":"https://www.museebeaulne.ca/wp-content/uploads/2020/11/logo-horizontal.png","contentUrl":"https://www.museebeaulne.ca/wp-content/uploads/2020/11/logo-horizontal.png","width":600,"height":233,"caption":"Musée Beaulne"},"image":{"@id":"https://www.museebeaulne.ca/#/schema/logo/image/"},"sameAs":["https://www.facebook.com/museebeaulne"]}]}</script>
<!-- / Yoast SEO plugin. -->

Coatic'Art au Musée - Beaulne Museum

Coatic&rsquo;Art au Musée

Musée Beaulne
